{"id":655,"date":"2016-02-14T16:50:43","date_gmt":"2016-02-14T16:50:43","guid":{"rendered":"http:\/\/backblog.zieher.cc\/?page_id=655"},"modified":"2016-02-14T16:50:43","modified_gmt":"2016-02-14T16:50:43","slug":"mandel-marzipan-muffins","status":"publish","type":"page","link":"https:\/\/backblog.zieher.cc\/index.php\/rezepte\/mandel-marzipan-muffins\/","title":{"rendered":"Mandel-Marzipan-Muffins"},"content":{"rendered":"<table>\n<tbody>\n<tr>\n<td width=\"50%\">Zutaten (f\u00fcr 11 Muffins):<\/p>\n<div style=\"font-size: small;\">100 g Marzipan<\/div>\n<div style=\"font-size: small;\">1 Orange (5 EL Orangensaft)<\/div>\n<div style=\"font-size: small;\">80 g weiche Butter<\/div>\n<div style=\"font-size: small;\">2 Eier<\/div>\n<div style=\"font-size: small;\">Vanillezucker<br \/>\n250 g Mehl<\/div>\n<div style=\"font-size: small;\">1 TL Zitronenschale<\/div>\n<div style=\"font-size: small;\">1 TL Backpulver<\/div>\n<div style=\"font-size: small;\">1\/2 TL Natron<\/div>\n<div style=\"font-size: small;\">85 g Zucker<\/div>\n<div style=\"font-size: small;\">etwas Milch nach Bedarf<\/div>\n<div style=\"font-size: small;\"><\/div>\n<div style=\"font-size: small;\"><strong><em>f\u00fcr den Guss:<\/em><\/strong><\/div>\n<div style=\"font-size: small;\">Staubzucker<\/div>\n<div style=\"font-size: small;\">1 Zitrone (Saft davon)<\/div>\n<div style=\"font-size: small;\"><\/div>\n<div style=\"font-size: small;\">Dekoherzen nach Belieben<\/div>\n<p>&nbsp;<\/p>\n<p><a href=\"http:\/\/backblog.zieher.cc\/wp-content\/uploads\/2016\/02\/IMG_8531_mark.jpg\" rel=\"attachment wp-att-658\"><img loading=\"lazy\" decoding=\"async\" class=\"alignnone size-medium wp-image-658\" src=\"http:\/\/backblog.zieher.cc\/wp-content\/uploads\/2016\/02\/IMG_8531_mark-300x200.jpg\" alt=\"IMG_8531_mark\" width=\"300\" height=\"200\" srcset=\"https:\/\/backblog.zieher.cc\/wp-content\/uploads\/2016\/02\/IMG_8531_mark-300x200.jpg 300w, https:\/\/backblog.zieher.cc\/wp-content\/uploads\/2016\/02\/IMG_8531_mark-768x512.jpg 768w, https:\/\/backblog.zieher.cc\/wp-content\/uploads\/2016\/02\/IMG_8531_mark-1024x683.jpg 1024w, https:\/\/backblog.zieher.cc\/wp-content\/uploads\/2016\/02\/IMG_8531_mark.jpg 1200w\" sizes=\"auto, (max-width: 300px) 100vw, 300px\" \/><\/a><\/td>\n<td>Zubereitung:<\/p>\n<div style=\"font-size: small;\">Eine Muffinform mit Papierf\u00f6rmchen auslegen. Die Zutaten bereit stellen. F\u00fcr den Orangensaft eine Orange auspressen. In einer Sch\u00fcssel das Marzipan und den Orangensaft\u00a0 mit einer Gabel zerdr\u00fccken.<\/div>\n<div style=\"font-size: small;\">Mehl, Natron, Backpulver und Mandeln mischen. In einer weiteren Sch\u00fcssel die weiche Butter mixen, Zucker, Vanillezucker und die 2 Eier einzeln unterr\u00fchren. Die Marzipan-Orangensaft-Masse unterr\u00fchren. Die Mehl-Mischung dazugeben und alles z\u00fcgig verr\u00fchren. Falls der Teig ein bisschen fest ist, gebe ich etwas Milch dazu.<\/div>\n<div style=\"font-size: small;\">Den Ofen auf Ober-\/Unterhitze 180\u00b0C vorheizen und den Teig in die Muffinformen geben. Die Muffins 15-20 Minuten backen und ausk\u00fchlen lassen.<\/div>\n<div style=\"font-size: small;\">Eine Zitrone auspressen. In einer kleinen Sch\u00fcssel\u00a0 Staubzucker mit ein bisschen Zitronensaft mischen und gut verr\u00fchren. Der Guss darf nicht zu fl\u00fcssig, aber auch nicht zu fest sein. Die Masse kreisf\u00f6rmig auf die Muffins streichen und zum Schluss mit Deko-Herzen verzieren.<\/div>\n<div style=\"font-size: small;\"><\/div>\n<div style=\"font-size: small;\"><\/div>\n<div style=\"font-size: small;\"><\/div>\n<\/td>\n<\/tr>\n<\/tbody>\n<\/table>\n<div class=\"printfriendly pf-button  pf-alignleft\">\n                    <a href=\"https:\/\/backblog.zieher.cc\/index.php\/rezepte\/mandel-marzipan-muffins\/?pfstyle=wp\" rel=\"nofollow\" onclick=\"\" title=\"Printer Friendly, PDF & Email\">\n                    <img decoding=\"async\" class=\"pf-button-img\" src=\"https:\/\/cdn.printfriendly.com\/buttons\/printfriendly-pdf-button-nobg.png\" alt=\"Print Friendly, PDF & Email\" style=\"width: 112px;height: 24px;\"  \/>\n                    <\/a>\n                <\/div>\n","protected":false},"excerpt":{"rendered":"<p>Zutaten (f\u00fcr 11 Muffins): 100 g Marzipan 1 Orange (5 EL Orangensaft) 80 g weiche Butter 2 Eier Vanillezucker 250 g Mehl 1 TL Zitronenschale 1 TL Backpulver 1\/2 TL Natron 85 g Zucker etwas Milch nach Bedarf f\u00fcr den Guss: Staubzucker 1 Zitrone (Saft davon) Dekoherzen nach Belieben &nbsp; Zubereitung: Eine Muffinform mit Papierf\u00f6rmchen &hellip; <a href=\"https:\/\/backblog.zieher.cc\/index.php\/rezepte\/mandel-marzipan-muffins\/\" class=\"more-link\"><span class=\"screen-reader-text\">Mandel-Marzipan-Muffins<\/span> weiterlesen<\/a><\/p>\n","protected":false},"author":1,"featured_media":0,"parent":39,"menu_order":0,"comment_status":"closed","ping_status":"closed","template":"","meta":{"footnotes":""},"class_list":["post-655","page","type-page","status-publish","hentry"],"_links":{"self":[{"href":"https:\/\/backblog.zieher.cc\/index.php\/wp-json\/wp\/v2\/pages\/655","targetHints":{"allow":["GET"]}}],"collection":[{"href":"https:\/\/backblog.zieher.cc\/index.php\/wp-json\/wp\/v2\/pages"}],"about":[{"href":"https:\/\/backblog.zieher.cc\/index.php\/wp-json\/wp\/v2\/types\/page"}],"author":[{"embeddable":true,"href":"https:\/\/backblog.zieher.cc\/index.php\/wp-json\/wp\/v2\/users\/1"}],"replies":[{"embeddable":true,"href":"https:\/\/backblog.zieher.cc\/index.php\/wp-json\/wp\/v2\/comments?post=655"}],"version-history":[{"count":3,"href":"https:\/\/backblog.zieher.cc\/index.php\/wp-json\/wp\/v2\/pages\/655\/revisions"}],"predecessor-version":[{"id":662,"href":"https:\/\/backblog.zieher.cc\/index.php\/wp-json\/wp\/v2\/pages\/655\/revisions\/662"}],"up":[{"embeddable":true,"href":"https:\/\/backblog.zieher.cc\/index.php\/wp-json\/wp\/v2\/pages\/39"}],"wp:attachment":[{"href":"https:\/\/backblog.zieher.cc\/index.php\/wp-json\/wp\/v2\/media?parent=655"}],"curies":[{"name":"wp","href":"https:\/\/api.w.org\/{rel}","templated":true}]}}